 of w and 9?
9
Let v be ((-567)/6)/(-9)*(-24)/(-9). Calculate the highest common factor of v and 70.
14
Suppose 0 = -l + 5 + 3. Calculate the greatest common divisor of l and 88.
8
Suppose -33 = -o - 2*o. Suppose 10*m + 78 = 298. Calculate the highest common divisor of o and m.
11
Suppose 4*a = -0*a + 3*l + 19, 2*a - 2 = 4*l. Suppose 15 = g + 8. Calculate the greatest common factor of g and a.
7
Let d = 20 + -2. Let z = 412 + -52. Let u be z/(-32)*(-7 - 1). What is the highest common divisor of d and u?
18
Let q = 10 - 6. Suppose 4*t - 5*o - 132 = 24, 56 = t + 3*o. Calculate the highest common factor of q and t.
4
Suppose -5*z + 54 = -21. What is the greatest common divisor of z and 5?
5
Suppose 3*x = -2*x + 950. Let r = -302 - -432. Let d = x - r. Calculate the highest common factor of d and 15.
15
Suppose -6 - 2 = -y. Suppose -3*a + y = -4*u, 4*a - u - 2*u = 13. Suppose 2*o + 24 = a*o. Calculate the greatest common divisor of 48 and o.
12
Let g(u) = -u**2 - 8*u - 2. Let k be g(-4). Let r be (2 - -7)*(-112)/(-12). Calculate the greatest common factor of r and k.
14
Suppose 0*g = -2*g. Suppose a = -g + 2. Calculate the highest common factor of a and 2.
2
Let c(y) be the third derivative of -y**5/60 - 5*y**4/24 + y**3 - 2*y**2. Let k be c(-5). Calculate the greatest common factor of 12 and k.
6
Suppose d - 4*d = -6. Let p be 7 + d + (1 - 5). Suppose -24 = -a - 2*b, -p*a + 8 + 52 = -5*b. Calculate the greatest common factor of 40 and a.
8
Let y(l) = -l**3 - 3*l**2 + 4*l - 4. Let r = 6 + -11. Let c be y(r). Let x be c + -1 + 2/1. Calculate the highest common factor of 18 and x.
9
Let w(h) be the second derivative of h**5/20 - 5*h**4/12 - 2*h. Let u be w(5). Let x = u - -11. What is the highest common divisor of 55 and x?
11
Let x(y) = y + 1. Let s be x(0). What is the greatest common factor of s and 3?
1
Let b(g) = -4*g - 4. Let k be b(-9). Calculate the highest common factor of k and 192.
32
Suppose 0 = 6*q - 2*q. Suppose q*u - 792 = -4*u. Calculate the greatest common divisor of u and 18.
18
Let t = 19 + -1. What is the greatest common factor of 198 and t?
18
Let g(k) = k**2 - 6*k - 2. Let d be g(8). Suppose 2*r = 238 - d. Calculate the greatest common factor of 14 and r.
14
Let d(p) = -p**3 - 9*p**2 - 11*p - 6. Let x be d(-8). What is the greatest common divisor of x and 198?
18
Let v = 17 - -4. Calculate the greatest common factor of v and 3.
3
Let r = -24 + 38. Let t be 6/21 + (-4)/r. Let p(j) = j + 26. Let g be p(t). What is the greatest common factor of 65 and g?
13
Let j(p) = -3*p - 5. Let i be j(-6). Calculate the highest common divisor of 65 and i.
13
Suppose 7 = 3*s + 31. Let a = s + 14. Let i = 2 - -4. What is the greatest common divisor of a and i?
6
Suppose 3*k = k + b + 3, b + 3 = -4*k. Suppose 3*u = -k*u + 27. Suppose 0*s + 3*s = 9. What is the highest common factor of s and u?
3
Let x = -94 + 123. What is the greatest common factor of 116 and x?
29
Let h be (-4)/10 + (-1248)/(-20). Calculate the greatest common factor of h and 31.
31
Let i be (120/(-18))/(1/(-3)). Suppose -2*o + i = -o. Calculate the highest common factor of o and 2.
2
Let n = -14 - -34. What is the highest common factor of n and 4?
4
Suppose -5*c + 16 = -p, c - 5*p - 1 + 17 = 0. Suppose 0*d = 3*n - d - 429, 15 = 5*d. Suppose 4*g + n = 8*g. What is the highest common divisor of g and c?
4
Suppose 70 = p - 38. What is the greatest common divisor of p and 12?
12
Let r(f) = 5*f**2 - 41*f - 9. Let v be r(9). What is the greatest common divisor of v and 297?
27
Suppose 3*v + 4 = 4*v. Let y be 2/(-1) + (v - -2). Suppose 2*h = -g - 3*g + 84, -3*g = y*h - 153. Calculate the highest common factor of 9 and h.
9
Let s be (12/9)/((-3)/(-9)). Suppose 4*h = -2*i + 64, h + 43 - s = 2*i. Let g(v) = 38*v - 4. Let y be g(3). What is the highest common factor of y and i?
22
Let w be 4/(64/(-24))*(-112)/3. Calculate the highest common factor of 98 and w.
14
Let q(l) = -21*l + 4. Let t be q(-1). Calculate the greatest common factor of t and 125.
25
Let o be (-4)/3 + (-122)/(-6). Let s be (o/(-1))/(3/(-6)). What is the greatest common divisor of s and 57?
19
Let o be 1/(38/(-13) + 3). Calculate the greatest common divisor of 13 and o.
13
Let o be (-39)/(-52) - (-1 + 25/(-4)). Calculate the greatest common divisor of 24 and o.
8
Let l = 41 - -88. Suppose 4*i = 4*j - 96, 0 = 5*j - 4*i + 2*i - l. Calculate the greatest common factor of 135 and j.
27
Suppose -5*w - 4*n - 5 = 0, 14 = -2*w - 0*w - 4*n. Let q(k) = k. Let p be q(-4). Let u = w - p. Calculate the greatest common divisor of 56 and u.
7
Let o = 21 + 3. What is the highest common divisor of 60 and o?
12
Let i(h) = h - 5. Let o(p) = p - 5. Let g(d) = 3*i(d) - 4*o(d). Let l be g(-7). What is the highest common factor of 8 and l?
4
Let d(a) be the first derivative of -a**3/3 - a**2/2 + 12*a + 3. Let y be d(0). Calculate the greatest common divisor of 3 and y.
3
Suppose -4*t - n = -199, -n - 5 = -0*n. Let i = 91 - t. Suppose -2*q = -d + 16, 2*d + 11 = 3*q + i. Calculate the highest common divisor of d and 110.
10
Let i be (-14 + 49)*2/20*4. Calculate the greatest common divisor of i and 2.
2
Let b be (2 + -9)*2*-7. Let n = 181 + b. Suppose -54 = 5*w - n. What is the greatest common divisor of 30 and w?
15
Let c(p) = 17*p**3 + p. Let j be c(1). Let o(b) = -b - 4. Let g be o(-10). Calculate the greatest common divisor of g and j.
6
Suppose -205 = -2*y - 3*y. Suppose -2*f = 13 - y. Suppose h + b = f, 3*h - 4 - 6 = 5*b. Calculate the highest common divisor of h and 100.
10
Let b = 1 - -3. Let m be (-4)/(-18) - (-1720)/36. Suppose -5*j + j = -m. What is the highest common factor of b and j?
4
Let o be 1 - 1/(-2)*2. Suppose -b - 13 = -o*b. Calculate the greatest common divisor of 26 and b.
13
Let l = -3 - -8. Let v be (-21)/(-35) - (-37)/l. Let n be -2*55/(-2) + 1. What is the highest common factor of v and n?
8
Let a(v) = v**3 - 5*v**2 + 3*v + 2. Let m = 3 + 2. Let s be a(m). What is the highest common divisor of s and 17?
17
Let x = 47 - 33. What is the highest common divisor of 56 and x?
14
Let n(q) = q**3 - 7*q**2 + 10*q - 12. Let b be n(8). What is the greatest common divisor of b and 12?
12
Suppose -j - 97 = -5*n, -n + 5*j + 7 = 2. What is the highest common factor of n and 180?
20
Let h = 1 - 5. Let p be -5*((-72)/5)/h. Let f = p + 32. What is the greatest common divisor of 98 and f?
14
Let t(w) = -2*w**3 - w**2 + 2*w. Let l be t(-2). Suppose 2*x = -2*x + l. Let z = 6 - x. Calculate the highest common factor of z and 32.
4
Suppose 5*g = -10, -4*h + 3*g = 6*g + 26. Let v = -3 - h. Let i be 38/9 + (-6)/27. What is the highest common factor of v and i?
2
Suppose 29 = p - 133. What is the highest common factor of 18 and p?
18
Suppose 2*l - 256 = -4*v, -v - 4*l + 64 = -0*v. What is the greatest common divisor of v and 16?
16
Suppose 5*w = d + 25, 8*w = 3*w - d + 35. Let r = w + -2. What is the highest common factor of r and 36?
4
Suppose 134 + 31 = -3*z. Let n be (8/(-10))/(1/z). Calculate the greatest common divisor of 4 and n.
4
Suppose 0*n - 5*r = -n + 37, 5*n - 3*r - 75 = 0. Let x be 106/3 - 4/(-6). Calculate the highest common divisor of n and x.
12
Let k(n) = -n**2 - 6*n. Let p be k(-6). Suppose p*x = -3*x + 546. What is the highest common factor of x and 26?
26
Let i(s) = -s + 3. Let v be i(-8). Suppose -2*g + 103 = -51. Calculate the greatest common divisor of g and v.
11
Let y(k) = 16*k**2 - k + 1. Let o be y(-1). What is the highest common divisor of o and 9?
9
Let c = 19 - 13. Suppose 69 = 5*z + 14. Let w = z - c. Calculate the highest common factor of w and 1.
1
Suppose -2*c + 2 = -j - 2, 4*c + 4*j - 32 = 0. Calculate the highest common divisor of c and 2.
2
Let n = -14 + 16. Calculate the highest common factor of n and 2.
2
Suppose -15 = -5*p + 10. Calculate the greatest common factor of p and 30.
5
Suppose 426 = 3*p - 267. Suppose 0 = -3*g + 5*l + 43, -2*g - 4*l = -67 + 9. Calculate the highest common factor of p and g.
21
Let n(d) = 27*d. Let w(o) = 26*o. Let j(f) = -4*n(f) + 5*w(f). Let l be j(4). What is the highest common factor of l and 8?
8
Suppose 1 = -d + 16. Calculate the greatest common factor of 135 and d.
15
Let c = -4 - -7. Suppose c*s = 39 - 6. What is the greatest common factor of 99 and s?
11
Suppose 0 